ose 13*o - 36 = l*o. Determine g(o).
2
Let f(t) = t + 2. Let k(q) = -7*q - 25. Let w(p) = -5*f(p) - k(p). Let d(n) = -2*n - 13. Let s(u) = 3*d(u) + 2*w(u). Give s(-7).
5
Let u(g) = g**3 + g**2 - 4*g + 1. Suppose 17*i - 81 = -13. Let s be (1/(-2))/((-8)/192). Suppose s = -i*y - 0. Calculate u(y).
-5
Let f(x) = -x**3 + 7*x**2 - 4*x - 7. Let u = 237 + -233. Suppose -u*c - 2*c = -36. What is f(c)?
5
Suppose 4782*i + 1637 + 1168 = 3847*i. Let s(g) be the third derivative of g**4/6 + g**3/3 + g**2. Give s(i).
-10
Let b(p) = -6*p. Suppose 0 = -0*q - 4*q - 4. Let w(i) = -i + 1. Let f = -726 - -731. Let z(g) = f*w(g) + q*b(g). Calculate z(-6).
-1
Let g(n) = 9*n**2 - 57*n + 13. Suppose -13*q = -90 + 12. Let x be g(q). Let o(p) = -p**3 - 5*p**2 - 2. Determine o(x).
-2
Let h(w) = 214 - 214 + 6*w - 8*w**2 + 0*w**2 + 7*w**2. Let j(r) be the second derivative of -r**3/6 - 7*r. Let i be j(-6). What is h(i)?
0
Let d be -8*6*2/16. Let z(i) be the second derivative of -i**4/12 - i**3/2 + 5*i**2/2 - 6717*i. Determine z(d).
-13
Let o(r) = 263*r + 86. Let h(z) = -188*z - 58. Let n(k) = -7*h(k) - 5*o(k). Suppose 5*v + 26 = 106. Determine n(v).
-8
Suppose 5*c + 60 = -2*o, 2*o - o = -5*c - 60. Let y(q) = -q**3 - 13*q**2 - 13*q - 16. Let k be y(c). Let b be (-2 + -6)*(-2)/k. Let s(w) = -w - 8. What is s(b)?
-4
Let y be (-1 - 51)*(-113)/(-452). Let n(w) = w**2 + 14*w + 5. Calculate n(y).
-8
Let x be 2 - (-36 - (-1 + -4)). Suppose -7 = -i - b - 39, -4*b - 161 = 5*i. Let a = i + x. Let n(s) = -s**3 - s + 1. Give n(a).
1
Let b(m) = m**2 - 10*m + 3. Let a be b(10). Let r(p) = 2*p - 6*p**2 + 7*p**2 - a*p. Let u(c) = 6*c**2 - c + 1. Let d(t) = 5*r(t) - u(t). Calculate d(-3).
2
Suppose -16 = 4*a - 2*b, -a = 11*b - 8*b - 10. Let f be a/(3 + (-15)/6). Let t(z) = -z**2 - z - 2. Calculate t(f).
-14
Let j(y) = 7*y**2 + 40*y + 1 - y**3 + 14*y - 59*y - 5. Determine j(4).
24
Suppose 2*l = -3*j + 7 + 12, 3*j = 5*l + 5. Let h(c) = c**2 - 4*c - 4. Let f be h(j). Let p(o) = 11*o**2. Let w(t) = t**2. Let d(g) = -p(g) + 5*w(g). Give d(f).
-6
Let x(c) = 41*c + 9. Let v be x(3). Suppose -2*z = 4*z - v. Let k = z + -24. Let m(l) = -l**3 - 5*l**2 - 2*l. Calculate m(k).
-8
Let t(c) = -c + 20. Let u be t(7). Suppose 4*p + 5*d + u = 0, 5*p - 6*d = -11*d - 15. Let m(b) = -b**3 - 3*b**2 + 1. What is m(p)?
-3
Let t(g) = -216*g**2 + 14*g + 5. Let a(u) = 53*u**2 - 3*u - 1. Let m(h) = 13*a(h) + 3*t(h). Calculate m(-1).
40
Let i(s) = 8*s**3 + 17*s**2 - 22*s - 1. Let t be i(1). Let r(v) be the first derivative of -17 - 6*v**t - 4*v + 1/3*v**3. Give r(12).
-4
Let t(g) = -51952*g + 17318*g + 17310*g + 38 + 17318*g. What is t(8)?
-10
Let d(n) = 1523*n**2 + 71 - 18*n + 1527*n**2 + 1512*n**2 - 4561*n**2. Determine d(15).
26
Let t(y) = 23 + 15 - 2*y + 3*y - 52 + 0*y. Let u(o) = 6*o - 87. Let i(h) = 13*t(h) - 2*u(h). What is i(9)?
1
Let r = 777 + -750. Let d(o) = -11*o - 1 + 0*o + 4 - r*o - 4. Give d(-1).
37
Let a(t) be the first derivative of t**4/4 + 26*t**3/3 + 3*t**2/2 + 16*t + 7123. Determine a(-26).
-62
Suppose 251 = -11*q + 262. Let v(z) = z**2 + 4*z + 3. Let n be v(-4). Let t(h) = 13*h**3 - 5 + n*h**2 - 4*h**2 + 6. Give t(q).
13
Let d(o) = -14*o - 139 + 108 + 50 + 65. What is d(6)?
0
Let m(t) be the third derivative of -t**6/120 - t**5/6 - 11*t**4/24 - 8*t**3/3 + 7911*t**2 - 3. Let o = 4 + -13. What is m(o)?
2
Let q(s) = -11*s**3 + 3*s + 2. Let z = 13210 - 13211. Give q(z).
10
Let v(y) = 12*y. Suppose -n + 19 = -5*l, 5*l = 7*n - 9*n + 83. Let u = -35 + n. Determine v(u).
-12
Let r = -491 - -497. Let g(z) = -z**3 + 6*z**2 - 12. Give g(r).
-12
Let x(u) = -2*u**2 - u - 2. Suppose 3*b + 546 = 2*b. Let s = 546 + b. Calculate x(s).
-2
Let l(q) = -36*q - 26. Suppose s - 84 = 7*s. Let v(m) = 13*m + 9. Let g(y) = s*v(y) - 5*l(y). Give g(4).
-4
Suppose -2 = -3*b + 2*s, 5*b - 102 + 106 = -4*s. Let y(z) be the third derivative of -1/2*z**3 - 10*z**2 + b + 0*z - 1/24*z**4. Determine y(-8).
5
Let m(f) = 8*f**3 + 67*f**2 + 25*f + 3. Let y be m(-8). Let g(x) be the third derivative of -x**4/24 - 9*x**2. Calculate g(y).
5
Let o(k) = k - 307. Let c(t) = t - 138. Let n(y) = 2*c(y) - o(y). Calculate n(-23).
8
Let o(a) = 3*a**3 - 4*a**2 + 3*a - 5. Let q(c) = 10*c**3 - 11*c**2 + 10*c - 15. Let f(n) = 7*o(n) - 2*q(n). Let r = -2710 + 2716. Calculate f(r).
1
Let p = 0 + 4. Let f be (2/3)/(p/12). Let m(o) be the third derivative of -o**4/6 + o**3/6 + 827*o**2. Give m(f).
-7
Let d(m) = m**3 - 4*m**2 - 416*m + 0*m**3 + 3 + 414*m. Let n(p) = 2*p**3 - 7*p**2 - 3*p + 5. Let b(z) = 5*d(z) - 3*n(z). Let o = -32 - -32. Calculate b(o).
0
Let j(t) = t**3 + 2*t**2. Let b(k) = 10*k**3 + 10*k**2 + 3*k - 9. Let l(c) = b(c) - 9*j(c). What is l(7)?
-37
Let i(v) be the first derivative of 5*v**4/2 + v**2/2 + 8364. Calculate i(-1).
-11
Let g(d) be the second derivative of -d**5/20 - d**4/12 + 7*d**3/6 + 2*d**2 + 152*d + 1. Determine g(-4).
24
Suppose -5*m - 7 = -2*h, 0*m = -m - h. Let o(n) = -3*n. Let p(f) = -4*f + 1. Let x(r) = 3*o(r) - 2*p(r). What is x(m)?
-1
Let r = 104 - 102. Let x(z) = -77*z**r - 9*z + 78*z**2 + 2*z + 3. Determine x(6).
-3
Let b(w) be the second derivative of -5/6*w**3 + 0 + 9/2*w**2 + 181*w. What is b(7)?
-26
Let l(y) = -18*y - 270. Let a(x) = x**3 - 50*x**2 + 428*x - 4. Let r be a(11). What is l(r)?
0
Let f(q) = -8*q + 9. Let j = 110 - 38. Suppose 15*m - j = 18. What is f(m)?
-39
Let m(i) be the first derivative of -23*i**2/2 - 21*i - 3697. Calculate m(-2).
25
Let k(v) = -2*v - 10. Suppose -3*w + 49 - 55 = 0. Let m be (-150)/24 - w/(-8)*-1. Let i be k(m). Let r(z) = -2*z**3 - 3*z + 2. Determine r(i).
-20
Let y(l) be the third derivative of -1/120*l**6 - 5 + 0*l + 4/3*l**3 - 1/15*l**5 + 1/8*l**4 - 5*l**2. Determine y(-4).
-4
Let j(u) = 5258 + u**3 + u - 5259 - u. Let l(s) = -4*s**3 - 9*s**2 - 14*s - 4. Let i(z) = -3*j(z) - l(z). What is i(-7)?
7
Let w be -1 - 1/((-2)/2). Let u(o) = -106*o**2 - o + 1. Let x(i) = -177*i**2 - 2*i + 5. Let d(k) = -5*u(k) + 3*x(k). Determine d(w).
10
Let q(g) be the second derivative of -g**4/12 - 5*g**3/6 + 9*g**2/2 - g. Suppose -4*v = -10*w + 11*w + 24, 0 = -5*v + 4*w - 51. Calculate q(v).
-5
Suppose 5*u - 19 = -4*x, -u + 6*u + 2*x - 17 = 0. Suppose 9*b = 13*b - 2*k + 2, 5*b - u*k = -3. Let c(j) = -j**2 - j + 4. What is c(b)?
4
Let f(i) be the first derivative of i**4/4 - 5*i**3/3 - 4*i**2 - 5*i - 28. Suppose -w + 3*y + 18 = 0, -3*w + y + 26 = -y. Give f(w).
-17
Let u(d) = -8*d**2 - 73*d - 11. Let p be u(-9). Let s = -2 + 7. Let y(n) = 10*n + 9. Let w(x) = -7*x - 6. Let r(v) = s*y(v) + 7*w(v). Give r(p).
1
Let v(u) be the third derivative of -u**5/60 + u**4/24 - 2*u**2 - 86. What is v(-3)?
-12
Let g(a) = 2*a**3 - 163*a**2 + 240*a + 8. Let j be g(80). Let i(t) = 58*t - 457. Give i(j).
7
Suppose -k - 3 = 4*i, 9*k = 11*k + 4*i + 6. Let x(m) = m**3 - 11*m**2 - 10*m + 17. Let z(j) = -j - 2. Let h(d) = k*z(d) - x(d). Give h(12).
1
Suppose -3*x + 10 + 11 = 0. Suppose 4*i = -3*j - x, -7*j + 2*j + i + 19 = 0. Let t(q) = -q**3 + 4*q**2 + q - 1. Give t(j).
11
Let o(z) = 46010 + 8*z - 9*z - 46013. Give o(8).
-11
Let g = -18 + 38. Let m(n) = -g + 23 + 6*n - 4. Calculate m(-5).
-31
Let n(d) = 141 + 5*d + 6*d - 9*d - 140. Let t be ((0 - 0) + -15)*1. Let u be (-18)/(-5) + t/25. Determine n(u).
7
Suppose -63*q - 37*q = -3200. Let a(p) be the second derivative of -q*p - 5/2*p**2 + 1/2*p**3 + 0. Determine a(4).
7
Let c(t) be the second derivative of t**6/120 + t**5/10 + t**4/8 - 2*t**3/3 - 30*t**2 + 12*t - 4. Let b(j) be the first derivative of c(j). Calculate b(-6).
-22
Let x be -4 - (2 - 3)/((-2)/(-30)). Let b(w) = 4 + 3*w - 4*w**2 - x - 2 + 5*w**2. Determine b(-7).
19
Let u(s) = s**2 - s - 5. Suppose 4*v - 2*v = -2*o + 18, 28 = 2*o + 4*v. Suppose -3*n + n + 12 = 5*x, 0 = 2*x + 3*n + o. Calculate u(x).
7
Let h(l) = -l**3 + 7*l**2 - l + 1. Let k be h(6). Let r(c) = k - 66 + 33 - 2*c. Let t(s) = -2*s - 8. Let i be t(-5). Determine r(i).
-6
Let b(j) = -j**3 - 7*j**2 + 28*j - 1. Let t be b(3). Suppose -3*d + 6 = -3*p, 3*p - 4 - 15 = -2*d. Let n(c) = 5 - 10*c + c**p + 10*c + 7*c**2. Determine n(t).
5
Let c(i) = -20*i - 110. Let t(x) = 7*x + 38. Let b(w) = -5*c(w) - 14*t(w). Let n be -8*9/90 - (-72)/(-10). What is b(n)?
2
Let h(v) be the first derivative of v**3/3 + 9*v**2 + 7*v - 1982. Calculate h(-18).
7
Let